 + 4. Give g(3).
-86
Let l(k) = -k**3 + 76*k**2 - 93*k + 1363. What is l(75)?
13
Let h(a) = 2*a + 271. Determine h(-3).
265
Let r(m) = -3*m**2 + 88*m + 1081. Give r(39).
-50
Let c(x) = x**3 + 33*x**2 - 485*x - 91. Give c(-44).
-47
Let u(r) = 94*r**2 + 2. Determine u(1).
96
Let d(v) = -23*v + 240. What is d(12)?
-36
Let d(h) = h**2 + 9*h - 15. What is d(5)?
55
Let t(y) = 150*y**3 - y**2 + 4*y - 3. Give t(1).
150
Let j(l) = -53*l + 1272. What is j(18)?
318
Let y(t) = 2*t**3 + 15*t**2 - 7*t - 36. Give y(-8).
-44
Let y(m) = 47*m - 783. Determine y(16).
-31
Let i(g) = g**3 + 68*g**2 + 133*g + 91. What is i(-66)?
25
Let f(a) = 2*a**3 + 116*a**2 + 13*a + 751. Determine f(-58).
-3
Let i(n) = -n**3 - 16*n**2 - 49*n + 38. Determine i(-7).
-60
Let z(u) = 2573*u - 151801. Determine z(59).
6
Let h(q) = -105*q - 828. Determine h(-16).
852
Let a(d) = -d**2 + 8*d + 212. Give a(9).
203
Let x(q) = -q**2 - 631*q - 99354. What is x(-329)?
4
Let x(c) = -c**2 + 2*c - 7. Determine x(5).
-22
Let b(d) = 42*d - 236. Determine b(12).
268
Let w(g) = -4*g**3 - 31*g**2 - 21*g - 29. What is w(-7)?
-29
Let q(x) = 830*x + 816. Determine q(-1).
-14
Let m(r) = -3*r**3 + 236*r**2 - 162*r + 429. What is m(78)?
-39
Let b(k) = k**2 - 61*k - 385. Give b(-6).
17
Let l(t) = -t**3 + 6*t**2 + 76*t - 313. Give l(10).
47
Let b(l) = 34*l - 267. Give b(9).
39
Let j(s) = 8*s + 522. What is j(-59)?
50
Let n(m) = -16*m**3 + 4*m**2 + 16*m - 47. Give n(2).
-127
Let d(j) = j**2 - 27*j - 900. What is d(-19)?
-26
Let n(g) = -87*g - 509. Give n(-6).
13
Let z(t) = 3*t**2 - 11*t + 80. Determine z(7).
150
Let p(w) = 94*w + 11242. Calculate p(-120).
-38
Let t(f) = -f**3 + 101*f**2 - 1620*f + 1. Calculate t(20).
1
Let d(r) = -2*r**3 + 116*r**2 + 115*r + 197. Give d(59).
20
Let w(d) = 3359*d + 10096. Calculate w(-3).
19
Let r(x) = -x**3 - 14*x**2 - 38*x - 25. Calculate r(-13).
300
Let w(a) = 1307*a - 19608. Calculate w(15).
-3
Let s(j) = -j**3 + 9*j**2 - 14*j + 6. What is s(6)?
30
Let z(q) = -q**2 - 337*q - 15740. What is z(-56)?
-4
Let p(y) = -y**2 - 28*y - 109. Determine p(-7).
38
Let w(o) = -2*o**2 - 52*o + 365. What is w(6)?
-19
Let n(a) = 6*a**2 + 31*a + 76. Calculate n(-3).
37
Let v(b) = -b**3 - 14*b**2 + 76*b + 937. Calculate v(-15).
22
Let c(j) = j**3 - 15*j**2 - 44*j + 10. Give c(18).
190
Let i(w) = -w**3 + 51*w**2 - 403*w - 11. Give i(10).
59
Let j(v) = -v**2 + 127*v - 3901. What is j(52)?
-1
Let a(c) = -16*c**3 + 1253*c**2 - 391*c + 88. Determine a(78).
10
Let a(j) = -j**3 - 2*j**2 + j + 3. What is a(-2)?
1
Let v(n) = n**2 - 1607*n - 8078. Give v(-5).
-18
Let y(r) = 1133*r - 1132. Give y(1).
1
Let g(k) = k**2 + k - 209. What is g(-16)?
31
Let m(u) = 13*u**2 - 4*u - 615. Give m(7).
-6
Let y(d) = 207*d - 5. What is y(0)?
-5
Let k(d) = -12*d**3 + 2208*d**2 + 2*d - 367. Determine k(184).
1
Let w(m) = 8039*m + 120585. Calculate w(-15).
0
Let p(w) = 13*w**2 + 26*w + 56. Give p(-2).
56
Let y(g) = g**2 - 12*g + 13. Calculate y(7).
-22
Let h(z) = -28*z - 595. Give h(-22).
21
Let b(g) = 10*g**3 - 11*g + 10. Determine b(1).
9
Let u(a) = -260*a - 71. Determine u(-1).
189
Let s(q) = -q**2 - 31*q + 1. Determine s(9).
-359
Let h(r) = 74*r + 738. Determine h(-9).
72
Let b(o) = 418*o + 4615. Give b(-11).
17
Let q(s) = -2*s**3 + 80*s**2 + 5*s + 55. Determine q(40).
255
Let q(k) = -3*k - 673. Give q(-28).
-589
Let q(l) = -9*l + 86. Determine q(7).
23
Let f(x) = -x**3 + 26*x**2 - 76*x + 114. Give f(24).
-558
Let o(x) = -x**3 - 2*x**2 + 35*x + 108. Calculate o(-10).
558
Let h(l) = 4*l**2 - 1004*l - 2018. What is h(-2)?
6
Let r(a) = 203*a + 83630. Determine r(-412).
-6
Let f(c) = c**2 + 38*c + 51. Give f(-10).
-229
Let r(f) = -46*f + 6647. Give r(145).
-23
Let n(o) = 567*o - 23256. What is n(41)?
-9
Let n(h) = 2*h**3 + 53*h**2 + 248*h + 346. Calculate n(-21).
-11
Let w(c) = c**2 + 19*c - 200. Calculate w(10).
90
Let u(q) = q**2 + 15*q - 10. Determine u(-20).
90
Let f(t) = 2*t**2 + 5*t + 214. What is f(-13)?
487
Let l(a) = a**3 - 28*a**2 - 208*a + 137. Give l(34).
1
Let u(m) = -m**3 + 66*m**2 - 464*m - 7. Determine u(58).
-7
Let v(i) = 317*i + 2855. Give v(-9).
2
Let q(s) = s**3 - 23*s**2 - 52*s + 26. Determine q(25).
-24
Let k(l) = 58*l - 218. Determine k(4).
14
Let n(a) = -389*a - 1132. Give n(-3).
35
Let y(f) = f**3 + 4*f**2 - 4*f - 9. Give y(3).
42
Let u(m) = 35*m + 124. Give u(-4).
-16
Let j(n) = 2*n**2 - 9*n - 64. What is j(-4)?
4
Let w(f) = f**2 + 6*f - 139. What is w(-15)?
-4
Let q(p) = -1474*p - 22120. Calculate q(-15).
-10
Let l(s) = 47*s**2 + 186*s - 5. What is l(-4)?
3
Let t(w) = w**2 - 96*w + 252. Calculate t(93).
-27
Let n(o) = -o**3 - 11*o**2 - 24*o + 42. Determine n(-6).
6
Let i(u) = -1457*u + 8759. Determine i(6).
17
Let v(t) = -1297*t - 7792. Determine v(-6).
-10
Let z(w) = 2*w**3 + 27*w**2 - 10*w + 9. What is z(-14)?
-47
Let r(f) = 4*f**2 + 101*f + 37. Determine r(-25).
12
Let j(z) = 16762*z + 134091. What is j(-8)?
-5
Let i(m) = 2*m**3 - 4*m**2 + 12*m - 28. Determine i(2).
-4
Let g(d) = 2*d**2 + 43*d - 1303. Give g(17).
6
Let u(z) = 23*z - 1083. Give u(47).
-2
Let z(v) = -7*v**2 + 9*v - 7. What is z(4)?
-83
Let i(k) = -10*k**2 - 180*k + 640. Calculate i(-21).
10
Let s(q) = -936*q + 9345. Determine s(10).
-15
Let p(s) = -21*s + 2078. Calculate p(99).
-1
Let o(f) = -f**3 - 2*f + 1. Give o(-2).
13
Let v(t) = 878*t - 9660. What is v(11)?
-2
Let j(h) = -h**3 - 22*h**2 - 14*h - 15. What is j(-21)?
-162
Let q(s) = 2*s**3 - 10*s**2 + 40*s - 137. What is q(4)?
-9
Let b(d) = -6*d**2 + 255*d - 1218. Determine b(37).
3
Let w(y) = -94*y + 188. Determine w(2).
0
Let u(p) = 6*p**2 + 85*p + 227. Calculate u(-11).
18
Let f(a) = -2*a**2 + 283*a - 558. Give f(2).
0
Let m(v) = -253*v + 1995. Determine m(9).
-282
Let d(w) = 527*w - 2125. Determine d(4).
-17
Let u(m) = -941*m - 6577. Determine u(-7).
10
Let i(u) = 138*u + 820. Determine i(-6).
-8
Let l(g) = -g**2 + 55*g - 291. Give l(48).
45
Let b(k) = k**3 - 11*k**2 - 34*k + 289. Give b(11).
-85
Let j(v) = v**3 - 29*v**2 - 3*v - 194. Calculate j(0).
-194
Let k(w) = -8*w**2 - 57*w + 648. Determine k(6).
18
Let g(r) = 7*r**3 - 18*r**2 + 64*r + 83. What is g(-1)?
-6
Let j(w) = 2*w**2 + 139*w + 71. Determine j(-69).
2
Let m(d) = -19*d**2 - 24*d + 79. Determine m(3).
-164
Let g(x) = -2*x**2 - 54*x - 184. Give g(-23).
0
Let t(b) = 3*b**3 + 2*b**2 - 5*b - 1. Calculate t(-3).
-49
Let g(f) = -8*f**2 + 896*f - 865. Give g(111).
23
Let u(d) = 46*d**2 + 43*d + 38. What is u(-1)?
41
Let w(b) = 20*b - 109. What is w(5)?
-9
Let a(f) = f**3 - 86*f**2 + 160*f + 667. Calculate a(84).
-5
Let d(y) = -2*y**2 + 426*y - 5202. Give d(13).
-2
Let b(a) = 279*a - 25. Determine b(1).
254
Let x(h) = h**3 + 3*h**2 + 102*h + 917. Give x(-7).
7
Let u(q) = q**3 - 20*q**2 + 31*q + 91. What is u(18)?
1
Let y(a) = 5*a**2 - 237*a + 91. Determine y(48).
235
Let h(g) = -g**3 - 28*g**2 - 3*g - 65. What is h(-28)?
19
Let x(r) = 46*r - 4555. Determine x(99).
-1
Let c(w) = -186*w - 3734. What is c(-20)?
-14
Let t(p) = 1684*p + 3370. Give t(-2).
2
Let v(g) = g**3 - 11*g**2 + 22*g + 25. Give v(11).
267
Let l(z) = 3*z**3 + 11*z**2 - 1055*z - 4214. Give l(-4).
-10
Let b(k) = k**3 + 10*k**2 + 22*k + 37. Determine b(-8).
-11
Let v(n) = n**3 + 10*n**2 - 9*n + 43. What is v(-11)?
21
Let m(w) = 12107*w - 157394. Calculate m(13).
-3
Let d(j) = 44*j**2 - 970*j - 5. Calculate d(22).
-49
Let n(q) = q**3 - 51*q**2 + 43*q + 359. Give n(50).
9
Let t(r) = r**2 - 76*r + 1040. Determine t(18).
-4
Let a(m) = -1907*m + 41949. What is a(22)?
-5
Let f(y) = 6*y**2 - 2*y - 12. What is f(-4)?
92
Let h(d) = -50*d + 3102. Calculate h(62).
2
Let f(n) = 2*n**2 - 17*n - 82. What is f(15)?
113
Let l(o) = o**2 + 82*o - 254. What is l(-85)?
1
Let f(i) = -6043*i - 54380. Determine f(-9).
7
Let u(j) = 53*j + 995. Give u(-19).
-12
Let l(m) = -1391*m + 1429. Calculate l(1).
38
Let d(g) = -g**3 + 5*g**2 + 110*g - 328. What is d(3)?
20
Let j(o) = -o**3 + 27*o**2 - 27*o - 21. What is j(26)?
-47
Let z(u) = 4*u**2 - u - 169. Determine z(0).
-169
Let b(q) = q**3 + 22*q**2 + 98*q + 1550. Calculate b(-21).
-67
Let v(g) = -26*g**2 - 1900*g - 80. Calculate v(-73).
66
Let c(h) = 33245*h - 166227. What is c(5)?
-2
Let c(p) = 3*p**3 - 71*p**2 + 42*p + 95. Calculate c(23).
3
Let m(j) = -j**3 + 8*j**2 + 46*j + 14. Calculate m(12).
-10
Let z(d) = 31*d - 40. 